33871
List the prime factors of 431765886.
2, 3, 71960981
List the prime factors of 47863381.
17, 2815493
List the prime factors of 907692920.
2, 5, 22692323
What are the prime factors of 3658756?
2, 29, 31541
What are the prime factors of 56101073?
7, 499, 16061
What are the prime factors of 554711818?
2, 2063, 134443
What are the prime factors of 30487524?
2, 3, 2540627
List the prime factors of 6472670853.
3, 11, 19, 1087, 9497
What are the prime factors of 21318277?
29, 735113
List the prime factors of 1639635627.
3, 7, 78077887
What are the prime factors of 1964204430?
2, 3, 5, 73, 896897
List the prime factors of 344500070.
2, 5, 17, 2026471
What are the prime factors of 4142000205?
3, 5, 7, 1123, 1301
What are the prime factors of 39328609?
173, 463, 491
What are the prime factors of 13687766?
2, 397, 17239
List the prime factors of 779563337.
7, 111366191
List the prime factors of 64512885.
3, 5, 19, 41, 5521
List the prime factors of 1642365360.
2, 3, 5, 197, 11579
List the prime factors of 1776638375.
5, 131, 108497
What are the prime factors of 31417481?
227, 138403
What are the prime factors of 4427081?
79, 56039
What are the prime factors of 671813935?
5, 13, 1279, 8081
What are the prime factors of 252136122?
2, 3, 7, 6003241
What are the prime factors of 3398469606?
2, 3, 7, 26971981
What are the prime factors of 536468533?
59, 2683, 3389
What are the prime factors of 2530499249?
17, 19, 7834363
List the prime factors of 374547776.
2, 439, 13331
What are the prime factors of 69359771?
13, 5335367
What are the prime factors of 391702162?
2, 195851081
List the prime factors of 24545410.
2, 5, 71, 181, 191
List the prime factors of 77208298.
2, 38604149
List the prime factors of 5736833.
5736833
What are the prime factors of 280241680?
2, 5, 3503021
List the prime factors of 21888125.
5, 7, 5003
What are the prime factors of 926773324?
2, 43, 251, 21467
List the prime factors of 316994776.
2, 7, 107, 52903
List the prime factors of 5272011640.
2, 5, 7, 18828613
List the prime factors of 1583202330.
2, 3, 5, 2213, 7949
List the prime factors of 2868657304.
2, 71, 5050453
What are the prime factors of 165670172?
2, 41417543
What are the prime factors of 1713877955?
5, 342775591
What are the prime factors of 236502807?
3, 281, 280549
What are the prime factors of 1218485171?
337, 857, 4219
List the prime factors of 5393106.
2, 3, 299617
List the prime factors of 144017387.
17, 8471611
What are the prime factors of 1858567116?
2, 3, 7, 22125799
List the prime factors of 311058663.
3, 2707, 38303
What are the prime factors of 554109115?
5, 7, 15831689
What are the prime factors of 469215799?
13, 36093523
What are the prime factors of 952134853?
43, 941, 23531
List the prime factors of 42658911.
3, 4739879
List the prime factors of 181717779.
3, 23, 107, 151, 163
List the prime factors of 1862330650.
2, 5, 1201, 31013
List the prime factors of 131668232.
2, 1409, 11681
What are the prime factors of 6852377297?
6852377297
What are the prime factors of 4454187?
3, 17, 87337
List the prime factors of 38632885.
5, 107, 72211
What are the prime factors of 79524821?
1097, 72493
What are the prime factors of 4819906945?
5, 7, 11087, 12421
What are the prime factors of 2755923754?
2, 17, 81056581
List the prime factors of 208961454.
2, 3, 13, 2678993
List the prime factors of 2428897611.
3, 7, 1319, 12527
What are the prime factors of 2764780445?
5, 7, 78993727
What are the prime factors of 14236859?
7, 13, 101, 1549
What are the prime factors of 3593505521?
1153, 3116657
List the prime factors of 117254135.
5, 23450827
List the prime factors of 2548045435.
5, 13, 39200699
List the prime factors of 393464291.
11, 881, 3691
List the prime factors of 46531494.
2, 3, 19, 136057
What are the prime factors of 5252098231?
23, 61, 3743477
List the prime factors of 177938197.
177938197
What are the prime factors of 255101855?
5, 23, 2218277
List the prime factors of 1109561136.
2, 3, 1093, 21149
What are the prime factors of 45550718?
2, 17, 23, 31, 1879
List the prime factors of 97961333.
29, 31, 108967
What are the prime factors of 64417090?
2, 5, 6441709
What are the prime factors of 38586239?
38586239
What are the prime factors of 190584268?
2, 7, 83, 82007
List the prime factors of 2363429440.
2, 5, 839, 8803
What are the prime factors of 4572723789?
3, 31, 151, 108541
List the prime factors of 13011393.
3, 4337131
List the prime factors of 48803985.
3, 5, 361511
List the prime factors of 41304258.
2, 3, 47, 48823
What are the prime factors of 3886708323?
3, 1295569441
What are the prime factors of 379319801?
7, 131, 413653
What are the prime factors of 317812114?
2, 23, 59, 117101
List the prime factors of 34949737.
53, 101, 6529
List the prime factors of 15028773.
3, 5009591
What are the prime factors of 3916557424?
2, 13, 1448431
What are the prime factors of 78403914?
2, 3, 577, 7549
List the prime factors of 1604911734.
2, 3, 7691, 11593
What are the prime factors of 497584469?
497584469
List the prime factors of 6677903507.
11, 5303, 114479
List the prime factors of 1275814129.
1275814129
What are the prime factors of 133181904?
2, 3, 2774623
What are the prime factors of 121937210?
2, 5, 109, 111869
List the prime factors of 911157476.
2, 761, 299329
List the prime factors of 621224130.
2, 3, 5, 53, 390707
List the prime factors of 507961006.
2, 7, 1069, 33941
List the prime factors of 3910990616.
2, 13, 1091, 34469
What are the prime factors of 4493640858?
2, 3, 7, 106991449
List the prime factors of 52247321.
7, 19, 392837
List the prime factors of 194726716.
2, 48681679
List the prime factors of 585780202.
2, 7, 41, 59, 353
List the prime factors of 2721558571.
8999, 302429
What are the prime factors of 5454538938?
2, 3, 303029941
What are the prime factors of 563110353?
3, 13, 19, 84437
List the prime factors of 711811989.
3, 7, 29, 61, 2129
List the prime factors of 2557407089.
2557407089
List the prime factors of 25072170.
2, 3, 5, 835739
What are the prime factors of 4307110076?
2, 19, 373, 151937
List the prime factors of 6120001298.
2, 3060000649
What are the prime factors of 5892177361?
7, 841739623
What are the prime factors of 13338574?
2, 17, 23, 37, 461
List the prime factors of 58071784.
2, 7258973
List the prime factors of 147321925.
5, 1019, 5783
What are the prime factors of 192204216?
2, 3, 31, 86113
List the prime factors of 1793170510.
2, 5, 31, 5784421
List the prime factors of 410188617.
3, 562673
List the prime factors of 466754077.
139, 3357943
What are the prime factors of 203131343?
41, 4954423
What are the prime factors of 122569492?
2, 30642373
What are the prime factors of 264542011?
983, 269117
What are the prime factors of 77682427?
77682427
List the prime factors of 292763938.
2, 31, 4721999
What are the prime factors of 37527100?
2, 5, 13, 28867
What are the prime factors of 33098450?
2, 5, 7, 11, 8597
List the prime factors of 21667760.
2, 5, 31, 8737
List the prime factors of 435617079.
3, 23, 6313291
What are the prime factors of 233220078?
2, 3, 7, 13, 142381
What are the prime factors of 261768410?
2, 5, 26176841
What are the prime factors of 2964497615?
5, 43, 13788361
What are the prime factors of 7874947838?
2, 179, 21997061
What are the prime factors of 267420935?
5, 3779, 14153
List the prime factors of 2690232732.
2, 3, 11, 6793517
What are the prime factors of 13078296?
2, 3, 7, 11, 337
List the prime factors of 737128.
2, 7, 13163
List the prime factors of 1397622886.
2, 11, 2897, 21929
What are the prime factors of 94323986?
2, 47161993
List the prime factors of 1292434994.
2, 317, 577, 3533
What are the prime factors of 49724136?
2, 3, 7, 11, 8969
List the prime factors of 38301816.
2, 3, 7, 17, 13411
List the prime factors of 2629215490.
2, 5, 11, 23901959
What are the prime factors of 264303656?
2, 89, 371213
List the prime factors of 45274279.
619, 73141
What are the prime factors of 2905681708?
2, 31, 311, 75347
List the prime factors of 1191454345.
5, 238290869
List the prime factors of 1987536012.
2, 3, 7, 11, 2151013
List the prime factors of 3886874791.
43, 90392437
What are the prime factors of 1229463644?
2, 233, 1319167
List the prime factors of 116367355.
5, 13, 593, 3019
List